{"id":28973,"date":"2026-02-09T11:34:32","date_gmt":"2026-02-09T14:34:32","guid":{"rendered":"https:\/\/eltunelcotillon.com\/minoristanew\/?post_type=product&#038;p=28973"},"modified":"2026-04-27T10:59:59","modified_gmt":"2026-04-27T13:59:59","slug":"gorro-marinero-lujo-led","status":"publish","type":"product","link":"https:\/\/eltunelcotillon.com\/minorista\/product\/gorro-marinero-lujo-led\/","title":{"rendered":"Gorro Marinero Lujo Led"},"content":{"rendered":"<p>gorro marinero lujo led, gorro marinero, marina.<\/p>\n","protected":false},"excerpt":{"rendered":"<p>gorro marinero lujo led, gorro marinero, marina.<\/p>\n","protected":false},"featured_media":29092,"template":"","meta":{"_acf_changed":false},"product_brand":[],"product_cat":[520,524],"product_tag":[],"class_list":{"0":"post-28973","1":"product","2":"type-product","3":"status-publish","4":"has-post-thumbnail","6":"product_cat-cotillon-luminoso","7":"product_cat-gorros-y-sombreros","9":"first","10":"instock","11":"shipping-taxable","12":"purchasable","13":"product-type-variable"},"acf":[],"yoast_head":"<!-- This site is optimized with the Yoast SEO plugin v27.0 - https:\/\/yoast.com\/product\/yoast-seo-wordpress\/ -->\n<title>Gorro Marinero Lujo Led - El T\u00fanel Cotill\u00f3n<\/title>\n<meta name=\"robots\" content=\"index, follow, max-snippet:-1, max-image-preview:large, max-video-preview:-1\" \/>\n<link rel=\"canonical\" href=\"https:\/\/eltunelcotillon.com\/minorista\/product\/gorro-marinero-lujo-led\/\" \/>\n<meta property=\"og:locale\" content=\"es_ES\" \/>\n<meta property=\"og:type\" content=\"article\" \/>\n<meta property=\"og:title\" content=\"Gorro Marinero Lujo Led - El T\u00fanel Cotill\u00f3n\" \/>\n<meta property=\"og:description\" content=\"gorro marinero lujo led, gorro marinero, marina.\" \/>\n<meta property=\"og:url\" content=\"https:\/\/eltunelcotillon.com\/minorista\/product\/gorro-marinero-lujo-led\/\" \/>\n<meta property=\"og:site_name\" content=\"El T\u00fanel Cotill\u00f3n\" \/>\n<meta property=\"article:publisher\" content=\"https:\/\/www.facebook.com\/cotilloneltunel\/\" \/>\n<meta property=\"article:modified_time\" content=\"2026-04-27T13:59:59+00:00\" \/>\n<meta property=\"og:image\" content=\"https:\/\/eltunelcotillon.com\/minorista\/wp-content\/uploads\/2026\/02\/20230908_110355-scaled-1.jpg\" \/>\n\t<meta property=\"og:image:width\" content=\"1920\" \/>\n\t<meta property=\"og:image:height\" content=\"2560\" \/>\n\t<meta property=\"og:image:type\" content=\"image\/jpeg\" \/>\n<meta name=\"twitter:card\" content=\"summary_large_image\" \/>\n<script type=\"application\/ld+json\" class=\"yoast-schema-graph\">{\"@context\":\"https:\/\/schema.org\",\"@graph\":[{\"@type\":\"WebPage\",\"@id\":\"https:\/\/eltunelcotillon.com\/minorista\/product\/gorro-marinero-lujo-led\/\",\"url\":\"https:\/\/eltunelcotillon.com\/minorista\/product\/gorro-marinero-lujo-led\/\",\"name\":\"Gorro Marinero Lujo Led - El T\u00fanel Cotill\u00f3n\",\"isPartOf\":{\"@id\":\"https:\/\/eltunelcotillon.com\/minorista\/#website\"},\"primaryImageOfPage\":{\"@id\":\"https:\/\/eltunelcotillon.com\/minorista\/product\/gorro-marinero-lujo-led\/#primaryimage\"},\"image\":{\"@id\":\"https:\/\/eltunelcotillon.com\/minorista\/product\/gorro-marinero-lujo-led\/#primaryimage\"},\"thumbnailUrl\":\"https:\/\/eltunelcotillon.com\/minorista\/wp-content\/uploads\/2026\/02\/20230908_110355-scaled-1.jpg\",\"datePublished\":\"2026-02-09T14:34:32+00:00\",\"dateModified\":\"2026-04-27T13:59:59+00:00\",\"breadcrumb\":{\"@id\":\"https:\/\/eltunelcotillon.com\/minorista\/product\/gorro-marinero-lujo-led\/#breadcrumb\"},\"inLanguage\":\"es\",\"potentialAction\":[{\"@type\":\"ReadAction\",\"target\":[\"https:\/\/eltunelcotillon.com\/minorista\/product\/gorro-marinero-lujo-led\/\"]}]},{\"@type\":\"ImageObject\",\"inLanguage\":\"es\",\"@id\":\"https:\/\/eltunelcotillon.com\/minorista\/product\/gorro-marinero-lujo-led\/#primaryimage\",\"url\":\"https:\/\/eltunelcotillon.com\/minorista\/wp-content\/uploads\/2026\/02\/20230908_110355-scaled-1.jpg\",\"contentUrl\":\"https:\/\/eltunelcotillon.com\/minorista\/wp-content\/uploads\/2026\/02\/20230908_110355-scaled-1.jpg\",\"width\":1920,\"height\":2560},{\"@type\":\"BreadcrumbList\",\"@id\":\"https:\/\/eltunelcotillon.com\/minorista\/product\/gorro-marinero-lujo-led\/#breadcrumb\",\"itemListElement\":[{\"@type\":\"ListItem\",\"position\":1,\"name\":\"Inicio\",\"item\":\"https:\/\/eltunelcotillon.com\/minorista\/\"},{\"@type\":\"ListItem\",\"position\":2,\"name\":\"Tienda\",\"item\":\"https:\/\/eltunelcotillon.com\/minorista\/tienda\/\"},{\"@type\":\"ListItem\",\"position\":3,\"name\":\"Gorro Marinero Lujo Led\"}]},{\"@type\":\"WebSite\",\"@id\":\"https:\/\/eltunelcotillon.com\/minorista\/#website\",\"url\":\"https:\/\/eltunelcotillon.com\/minorista\/\",\"name\":\"El T\u00fanel Cotill\u00f3n\",\"description\":\"Cotill\u00f3n, Reposter\u00eda, Espumas de Carnaval, Chocolater\u00eda | Ventas mayoristas y minoristas\",\"publisher\":{\"@id\":\"https:\/\/eltunelcotillon.com\/minorista\/#organization\"},\"potentialAction\":[{\"@type\":\"SearchAction\",\"target\":{\"@type\":\"EntryPoint\",\"urlTemplate\":\"https:\/\/eltunelcotillon.com\/minorista\/?s={search_term_string}\"},\"query-input\":{\"@type\":\"PropertyValueSpecification\",\"valueRequired\":true,\"valueName\":\"search_term_string\"}}],\"inLanguage\":\"es\"},{\"@type\":\"Organization\",\"@id\":\"https:\/\/eltunelcotillon.com\/minorista\/#organization\",\"name\":\"El T\u00fanel Cotill\u00f3n\",\"url\":\"https:\/\/eltunelcotillon.com\/minorista\/\",\"logo\":{\"@type\":\"ImageObject\",\"inLanguage\":\"es\",\"@id\":\"https:\/\/eltunelcotillon.com\/minorista\/#\/schema\/logo\/image\/\",\"url\":\"https:\/\/eltunelcotillon.com\/minorista\/wp-content\/uploads\/2026\/02\/el_t_nel_cotill_n_logo-1-e1768837235605.webp\",\"contentUrl\":\"https:\/\/eltunelcotillon.com\/minorista\/wp-content\/uploads\/2026\/02\/el_t_nel_cotill_n_logo-1-e1768837235605.webp\",\"width\":593,\"height\":383,\"caption\":\"El T\u00fanel Cotill\u00f3n\"},\"image\":{\"@id\":\"https:\/\/eltunelcotillon.com\/minorista\/#\/schema\/logo\/image\/\"},\"sameAs\":[\"https:\/\/www.facebook.com\/cotilloneltunel\/\",\"https:\/\/www.instagram.com\/cotilloneltunel1\/\"]}]}<\/script>\n<!-- \/ Yoast SEO plugin. -->","yoast_head_json":{"title":"Gorro Marinero Lujo Led - El T\u00fanel Cotill\u00f3n","robots":{"index":"index","follow":"follow","max-snippet":"max-snippet:-1","max-image-preview":"max-image-preview:large","max-video-preview":"max-video-preview:-1"},"canonical":"https:\/\/eltunelcotillon.com\/minorista\/product\/gorro-marinero-lujo-led\/","og_locale":"es_ES","og_type":"article","og_title":"Gorro Marinero Lujo Led - El T\u00fanel Cotill\u00f3n","og_description":"gorro marinero lujo led, gorro marinero, marina.","og_url":"https:\/\/eltunelcotillon.com\/minorista\/product\/gorro-marinero-lujo-led\/","og_site_name":"El T\u00fanel Cotill\u00f3n","article_publisher":"https:\/\/www.facebook.com\/cotilloneltunel\/","article_modified_time":"2026-04-27T13:59:59+00:00","og_image":[{"width":1920,"height":2560,"url":"https:\/\/eltunelcotillon.com\/minorista\/wp-content\/uploads\/2026\/02\/20230908_110355-scaled-1.jpg","type":"image\/jpeg"}],"twitter_card":"summary_large_image","schema":{"@context":"https:\/\/schema.org","@graph":[{"@type":"WebPage","@id":"https:\/\/eltunelcotillon.com\/minorista\/product\/gorro-marinero-lujo-led\/","url":"https:\/\/eltunelcotillon.com\/minorista\/product\/gorro-marinero-lujo-led\/","name":"Gorro Marinero Lujo Led - El T\u00fanel Cotill\u00f3n","isPartOf":{"@id":"https:\/\/eltunelcotillon.com\/minorista\/#website"},"primaryImageOfPage":{"@id":"https:\/\/eltunelcotillon.com\/minorista\/product\/gorro-marinero-lujo-led\/#primaryimage"},"image":{"@id":"https:\/\/eltunelcotillon.com\/minorista\/product\/gorro-marinero-lujo-led\/#primaryimage"},"thumbnailUrl":"https:\/\/eltunelcotillon.com\/minorista\/wp-content\/uploads\/2026\/02\/20230908_110355-scaled-1.jpg","datePublished":"2026-02-09T14:34:32+00:00","dateModified":"2026-04-27T13:59:59+00:00","breadcrumb":{"@id":"https:\/\/eltunelcotillon.com\/minorista\/product\/gorro-marinero-lujo-led\/#breadcrumb"},"inLanguage":"es","potentialAction":[{"@type":"ReadAction","target":["https:\/\/eltunelcotillon.com\/minorista\/product\/gorro-marinero-lujo-led\/"]}]},{"@type":"ImageObject","inLanguage":"es","@id":"https:\/\/eltunelcotillon.com\/minorista\/product\/gorro-marinero-lujo-led\/#primaryimage","url":"https:\/\/eltunelcotillon.com\/minorista\/wp-content\/uploads\/2026\/02\/20230908_110355-scaled-1.jpg","contentUrl":"https:\/\/eltunelcotillon.com\/minorista\/wp-content\/uploads\/2026\/02\/20230908_110355-scaled-1.jpg","width":1920,"height":2560},{"@type":"BreadcrumbList","@id":"https:\/\/eltunelcotillon.com\/minorista\/product\/gorro-marinero-lujo-led\/#breadcrumb","itemListElement":[{"@type":"ListItem","position":1,"name":"Inicio","item":"https:\/\/eltunelcotillon.com\/minorista\/"},{"@type":"ListItem","position":2,"name":"Tienda","item":"https:\/\/eltunelcotillon.com\/minorista\/tienda\/"},{"@type":"ListItem","position":3,"name":"Gorro Marinero Lujo Led"}]},{"@type":"WebSite","@id":"https:\/\/eltunelcotillon.com\/minorista\/#website","url":"https:\/\/eltunelcotillon.com\/minorista\/","name":"El T\u00fanel Cotill\u00f3n","description":"Cotill\u00f3n, Reposter\u00eda, Espumas de Carnaval, Chocolater\u00eda | Ventas mayoristas y minoristas","publisher":{"@id":"https:\/\/eltunelcotillon.com\/minorista\/#organization"},"potentialAction":[{"@type":"SearchAction","target":{"@type":"EntryPoint","urlTemplate":"https:\/\/eltunelcotillon.com\/minorista\/?s={search_term_string}"},"query-input":{"@type":"PropertyValueSpecification","valueRequired":true,"valueName":"search_term_string"}}],"inLanguage":"es"},{"@type":"Organization","@id":"https:\/\/eltunelcotillon.com\/minorista\/#organization","name":"El T\u00fanel Cotill\u00f3n","url":"https:\/\/eltunelcotillon.com\/minorista\/","logo":{"@type":"ImageObject","inLanguage":"es","@id":"https:\/\/eltunelcotillon.com\/minorista\/#\/schema\/logo\/image\/","url":"https:\/\/eltunelcotillon.com\/minorista\/wp-content\/uploads\/2026\/02\/el_t_nel_cotill_n_logo-1-e1768837235605.webp","contentUrl":"https:\/\/eltunelcotillon.com\/minorista\/wp-content\/uploads\/2026\/02\/el_t_nel_cotill_n_logo-1-e1768837235605.webp","width":593,"height":383,"caption":"El T\u00fanel Cotill\u00f3n"},"image":{"@id":"https:\/\/eltunelcotillon.com\/minorista\/#\/schema\/logo\/image\/"},"sameAs":["https:\/\/www.facebook.com\/cotilloneltunel\/","https:\/\/www.instagram.com\/cotilloneltunel1\/"]}]}},"_links":{"self":[{"href":"https:\/\/eltunelcotillon.com\/minorista\/wp-json\/wp\/v2\/product\/28973","targetHints":{"allow":["GET"]}}],"collection":[{"href":"https:\/\/eltunelcotillon.com\/minorista\/wp-json\/wp\/v2\/product"}],"about":[{"href":"https:\/\/eltunelcotillon.com\/minorista\/wp-json\/wp\/v2\/types\/product"}],"wp:featuredmedia":[{"embeddable":true,"href":"https:\/\/eltunelcotillon.com\/minorista\/wp-json\/wp\/v2\/media\/29092"}],"wp:attachment":[{"href":"https:\/\/eltunelcotillon.com\/minorista\/wp-json\/wp\/v2\/media?parent=28973"}],"wp:term":[{"taxonomy":"product_brand","embeddable":true,"href":"https:\/\/eltunelcotillon.com\/minorista\/wp-json\/wp\/v2\/product_brand?post=28973"},{"taxonomy":"product_cat","embeddable":true,"href":"https:\/\/eltunelcotillon.com\/minorista\/wp-json\/wp\/v2\/product_cat?post=28973"},{"taxonomy":"product_tag","embeddable":true,"href":"https:\/\/eltunelcotillon.com\/minorista\/wp-json\/wp\/v2\/product_tag?post=28973"}],"curies":[{"name":"wp","href":"https:\/\/api.w.org\/{rel}","templated":true}]}}

<!-- This site is optimized with the Yoast SEO plugin v27.0 - https://yoast.com/product/yoast-seo-wordpress/ -->
<title>Gorro Marinero Lujo Led - El Túnel Cotillón</title>
<meta name="robots" content="index, follow, max-snippet:-1, max-image-preview:large, max-video-preview:-1" />
<link rel="canonical" href="https://eltunelcotillon.com/minorista/product/gorro-marinero-lujo-led/" />
<meta property="og:locale" content="es_ES" />
<meta property="og:type" content="article" />
<meta property="og:title" content="Gorro Marinero Lujo Led - El Túnel Cotillón" />
<meta property="og:description" content="gorro marinero lujo led, gorro marinero, marina." />
<meta property="og:url" content="https://eltunelcotillon.com/minorista/product/gorro-marinero-lujo-led/" />
<meta property="og:site_name" content="El Túnel Cotillón" />
<meta property="article:publisher" content="https://www.facebook.com/cotilloneltunel/" />
<meta property="article:modified_time" content="2026-04-27T13:59:59+00:00" />
<meta property="og:image" content="https://eltunelcotillon.com/minorista/wp-content/uploads/2026/02/20230908_110355-scaled-1.jpg" />
	<meta property="og:image:width" content="1920" />
	<meta property="og:image:height" content="2560" />
	<meta property="og:image:type" content="image/jpeg" />
<meta name="twitter:card" content="summary_large_image" />
<script type="application/ld+json" class="yoast-schema-graph">{"@context":"https://schema.org","@graph":[{"@type":"WebPage","@id":"https://eltunelcotillon.com/minorista/product/gorro-marinero-lujo-led/","url":"https://eltunelcotillon.com/minorista/product/gorro-marinero-lujo-led/","name":"Gorro Marinero Lujo Led - El Túnel Cotillón","isPartOf":{"@id":"https://eltunelcotillon.com/minorista/#website"},"primaryImageOfPage":{"@id":"https://eltunelcotillon.com/minorista/product/gorro-marinero-lujo-led/#primaryimage"},"image":{"@id":"https://eltunelcotillon.com/minorista/product/gorro-marinero-lujo-led/#primaryimage"},"thumbnailUrl":"https://eltunelcotillon.com/minorista/wp-content/uploads/2026/02/20230908_110355-scaled-1.jpg","datePublished":"2026-02-09T14:34:32+00:00","dateModified":"2026-04-27T13:59:59+00:00","breadcrumb":{"@id":"https://eltunelcotillon.com/minorista/product/gorro-marinero-lujo-led/#breadcrumb"},"inLanguage":"es","potentialAction":[{"@type":"ReadAction","target":["https://eltunelcotillon.com/minorista/product/gorro-marinero-lujo-led/"]}]},{"@type":"ImageObject","inLanguage":"es","@id":"https://eltunelcotillon.com/minorista/product/gorro-marinero-lujo-led/#primaryimage","url":"https://eltunelcotillon.com/minorista/wp-content/uploads/2026/02/20230908_110355-scaled-1.jpg","contentUrl":"https://eltunelcotillon.com/minorista/wp-content/uploads/2026/02/20230908_110355-scaled-1.jpg","width":1920,"height":2560},{"@type":"BreadcrumbList","@id":"https://eltunelcotillon.com/minorista/product/gorro-marinero-lujo-led/#breadcrumb","itemListElement":[{"@type":"ListItem","position":1,"name":"Inicio","item":"https://eltunelcotillon.com/minorista/"},{"@type":"ListItem","position":2,"name":"Tienda","item":"https://eltunelcotillon.com/minorista/tienda/"},{"@type":"ListItem","position":3,"name":"Gorro Marinero Lujo Led"}]},{"@type":"WebSite","@id":"https://eltunelcotillon.com/minorista/#website","url":"https://eltunelcotillon.com/minorista/","name":"El Túnel Cotillón","description":"Cotillón, Repostería, Espumas de Carnaval, Chocolatería | Ventas mayoristas y minoristas","publisher":{"@id":"https://eltunelcotillon.com/minorista/#organization"},"potentialAction":[{"@type":"SearchAction","target":{"@type":"EntryPoint","urlTemplate":"https://eltunelcotillon.com/minorista/?s={search_term_string}"},"query-input":{"@type":"PropertyValueSpecification","valueRequired":true,"valueName":"search_term_string"}}],"inLanguage":"es"},{"@type":"Organization","@id":"https://eltunelcotillon.com/minorista/#organization","name":"El Túnel Cotillón","url":"https://eltunelcotillon.com/minorista/","logo":{"@type":"ImageObject","inLanguage":"es","@id":"https://eltunelcotillon.com/minorista/#/schema/logo/image/","url":"https://eltunelcotillon.com/minorista/wp-content/uploads/2026/02/el_t_nel_cotill_n_logo-1-e1768837235605.webp","contentUrl":"https://eltunelcotillon.com/minorista/wp-content/uploads/2026/02/el_t_nel_cotill_n_logo-1-e1768837235605.webp","width":593,"height":383,"caption":"El Túnel Cotillón"},"image":{"@id":"https://eltunelcotillon.com/minorista/#/schema/logo/image/"},"sameAs":["https://www.facebook.com/cotilloneltunel/","https://www.instagram.com/cotilloneltunel1/"]}]}</script>
<!-- / Yoast SEO plugin. -->

Gorro Marinero Lujo Led - El Túnel Cotillón

El Túnel Cotillón

Cotillón, Repostería, Espumas de Carnaval, Chocolatería | Ventas mayoristas y minoristas
