{"id":35578,"date":"2026-02-09T15:04:50","date_gmt":"2026-02-09T18:04:50","guid":{"rendered":"https:\/\/eltunelcotillon.com\/minoristanew\/?post_type=product&#038;p=35578"},"modified":"2026-04-27T11:02:53","modified_gmt":"2026-04-27T14:02:53","slug":"albumina-70-grs-alto-poder","status":"publish","type":"product","link":"https:\/\/eltunelcotillon.com\/minorista\/product\/albumina-70-grs-alto-poder\/","title":{"rendered":"Albumina 70 grs alto poder"},"content":{"rendered":"<p>Clara de huevo en polvo.<\/p>\n<p>marca pastelar<\/p>\n","protected":false},"excerpt":{"rendered":"<p>Clara de huevo en polvo. marca pastelar<\/p>\n","protected":false},"featured_media":35630,"template":"","meta":{"_acf_changed":false},"product_brand":[],"product_cat":[499,500],"product_tag":[405],"class_list":{"0":"post-35578","1":"product","2":"type-product","3":"status-publish","4":"has-post-thumbnail","6":"product_cat-reposteria-comestible","7":"product_cat-sin-t-a-c-c","8":"product_tag-405","10":"first","11":"instock","12":"shipping-taxable","13":"purchasable","14":"product-type-simple"},"acf":[],"yoast_head":"<!-- This site is optimized with the Yoast SEO plugin v27.0 - https:\/\/yoast.com\/product\/yoast-seo-wordpress\/ -->\n<title>Albumina 70 grs alto poder - El T\u00fanel Cotill\u00f3n<\/title>\n<meta name=\"robots\" content=\"index, follow, max-snippet:-1, max-image-preview:large, max-video-preview:-1\" \/>\n<link rel=\"canonical\" href=\"https:\/\/eltunelcotillon.com\/minorista\/product\/albumina-70-grs-alto-poder\/\" \/>\n<meta property=\"og:locale\" content=\"es_ES\" \/>\n<meta property=\"og:type\" content=\"article\" \/>\n<meta property=\"og:title\" content=\"Albumina 70 grs alto poder - El T\u00fanel Cotill\u00f3n\" \/>\n<meta property=\"og:description\" content=\"Clara de huevo en polvo. marca pastelar\" \/>\n<meta property=\"og:url\" content=\"https:\/\/eltunelcotillon.com\/minorista\/product\/albumina-70-grs-alto-poder\/\" \/>\n<meta property=\"og:site_name\" content=\"El T\u00fanel Cotill\u00f3n\" \/>\n<meta property=\"article:publisher\" content=\"https:\/\/www.facebook.com\/cotilloneltunel\/\" \/>\n<meta property=\"article:modified_time\" content=\"2026-04-27T14:02:53+00:00\" \/>\n<meta property=\"og:image\" content=\"https:\/\/eltunelcotillon.com\/minorista\/wp-content\/uploads\/2026\/02\/24-scaled-1.jpg\" \/>\n\t<meta property=\"og:image:width\" content=\"2560\" \/>\n\t<meta property=\"og:image:height\" content=\"2560\" \/>\n\t<meta property=\"og:image:type\" content=\"image\/jpeg\" \/>\n<meta name=\"twitter:card\" content=\"summary_large_image\" \/>\n<script type=\"application\/ld+json\" class=\"yoast-schema-graph\">{\"@context\":\"https:\/\/schema.org\",\"@graph\":[{\"@type\":\"WebPage\",\"@id\":\"https:\/\/eltunelcotillon.com\/minorista\/product\/albumina-70-grs-alto-poder\/\",\"url\":\"https:\/\/eltunelcotillon.com\/minorista\/product\/albumina-70-grs-alto-poder\/\",\"name\":\"Albumina 70 grs alto poder - El T\u00fanel Cotill\u00f3n\",\"isPartOf\":{\"@id\":\"https:\/\/eltunelcotillon.com\/minorista\/#website\"},\"primaryImageOfPage\":{\"@id\":\"https:\/\/eltunelcotillon.com\/minorista\/product\/albumina-70-grs-alto-poder\/#primaryimage\"},\"image\":{\"@id\":\"https:\/\/eltunelcotillon.com\/minorista\/product\/albumina-70-grs-alto-poder\/#primaryimage\"},\"thumbnailUrl\":\"https:\/\/eltunelcotillon.com\/minorista\/wp-content\/uploads\/2026\/02\/24-scaled-1.jpg\",\"datePublished\":\"2026-02-09T18:04:50+00:00\",\"dateModified\":\"2026-04-27T14:02:53+00:00\",\"breadcrumb\":{\"@id\":\"https:\/\/eltunelcotillon.com\/minorista\/product\/albumina-70-grs-alto-poder\/#breadcrumb\"},\"inLanguage\":\"es\",\"potentialAction\":[{\"@type\":\"ReadAction\",\"target\":[\"https:\/\/eltunelcotillon.com\/minorista\/product\/albumina-70-grs-alto-poder\/\"]}]},{\"@type\":\"ImageObject\",\"inLanguage\":\"es\",\"@id\":\"https:\/\/eltunelcotillon.com\/minorista\/product\/albumina-70-grs-alto-poder\/#primaryimage\",\"url\":\"https:\/\/eltunelcotillon.com\/minorista\/wp-content\/uploads\/2026\/02\/24-scaled-1.jpg\",\"contentUrl\":\"https:\/\/eltunelcotillon.com\/minorista\/wp-content\/uploads\/2026\/02\/24-scaled-1.jpg\",\"width\":2560,\"height\":2560},{\"@type\":\"BreadcrumbList\",\"@id\":\"https:\/\/eltunelcotillon.com\/minorista\/product\/albumina-70-grs-alto-poder\/#breadcrumb\",\"itemListElement\":[{\"@type\":\"ListItem\",\"position\":1,\"name\":\"Inicio\",\"item\":\"https:\/\/eltunelcotillon.com\/minorista\/\"},{\"@type\":\"ListItem\",\"position\":2,\"name\":\"Tienda\",\"item\":\"https:\/\/eltunelcotillon.com\/minorista\/tienda\/\"},{\"@type\":\"ListItem\",\"position\":3,\"name\":\"Albumina 70 grs alto poder\"}]},{\"@type\":\"WebSite\",\"@id\":\"https:\/\/eltunelcotillon.com\/minorista\/#website\",\"url\":\"https:\/\/eltunelcotillon.com\/minorista\/\",\"name\":\"El T\u00fanel Cotill\u00f3n\",\"description\":\"Cotill\u00f3n, Reposter\u00eda, Espumas de Carnaval, Chocolater\u00eda | Ventas mayoristas y minoristas\",\"publisher\":{\"@id\":\"https:\/\/eltunelcotillon.com\/minorista\/#organization\"},\"potentialAction\":[{\"@type\":\"SearchAction\",\"target\":{\"@type\":\"EntryPoint\",\"urlTemplate\":\"https:\/\/eltunelcotillon.com\/minorista\/?s={search_term_string}\"},\"query-input\":{\"@type\":\"PropertyValueSpecification\",\"valueRequired\":true,\"valueName\":\"search_term_string\"}}],\"inLanguage\":\"es\"},{\"@type\":\"Organization\",\"@id\":\"https:\/\/eltunelcotillon.com\/minorista\/#organization\",\"name\":\"El T\u00fanel Cotill\u00f3n\",\"url\":\"https:\/\/eltunelcotillon.com\/minorista\/\",\"logo\":{\"@type\":\"ImageObject\",\"inLanguage\":\"es\",\"@id\":\"https:\/\/eltunelcotillon.com\/minorista\/#\/schema\/logo\/image\/\",\"url\":\"https:\/\/eltunelcotillon.com\/minorista\/wp-content\/uploads\/2026\/02\/el_t_nel_cotill_n_logo-1-e1768837235605.webp\",\"contentUrl\":\"https:\/\/eltunelcotillon.com\/minorista\/wp-content\/uploads\/2026\/02\/el_t_nel_cotill_n_logo-1-e1768837235605.webp\",\"width\":593,\"height\":383,\"caption\":\"El T\u00fanel Cotill\u00f3n\"},\"image\":{\"@id\":\"https:\/\/eltunelcotillon.com\/minorista\/#\/schema\/logo\/image\/\"},\"sameAs\":[\"https:\/\/www.facebook.com\/cotilloneltunel\/\",\"https:\/\/www.instagram.com\/cotilloneltunel1\/\"]}]}<\/script>\n<!-- \/ Yoast SEO plugin. -->","yoast_head_json":{"title":"Albumina 70 grs alto poder - El T\u00fanel Cotill\u00f3n","robots":{"index":"index","follow":"follow","max-snippet":"max-snippet:-1","max-image-preview":"max-image-preview:large","max-video-preview":"max-video-preview:-1"},"canonical":"https:\/\/eltunelcotillon.com\/minorista\/product\/albumina-70-grs-alto-poder\/","og_locale":"es_ES","og_type":"article","og_title":"Albumina 70 grs alto poder - El T\u00fanel Cotill\u00f3n","og_description":"Clara de huevo en polvo. marca pastelar","og_url":"https:\/\/eltunelcotillon.com\/minorista\/product\/albumina-70-grs-alto-poder\/","og_site_name":"El T\u00fanel Cotill\u00f3n","article_publisher":"https:\/\/www.facebook.com\/cotilloneltunel\/","article_modified_time":"2026-04-27T14:02:53+00:00","og_image":[{"width":2560,"height":2560,"url":"https:\/\/eltunelcotillon.com\/minorista\/wp-content\/uploads\/2026\/02\/24-scaled-1.jpg","type":"image\/jpeg"}],"twitter_card":"summary_large_image","schema":{"@context":"https:\/\/schema.org","@graph":[{"@type":"WebPage","@id":"https:\/\/eltunelcotillon.com\/minorista\/product\/albumina-70-grs-alto-poder\/","url":"https:\/\/eltunelcotillon.com\/minorista\/product\/albumina-70-grs-alto-poder\/","name":"Albumina 70 grs alto poder - El T\u00fanel Cotill\u00f3n","isPartOf":{"@id":"https:\/\/eltunelcotillon.com\/minorista\/#website"},"primaryImageOfPage":{"@id":"https:\/\/eltunelcotillon.com\/minorista\/product\/albumina-70-grs-alto-poder\/#primaryimage"},"image":{"@id":"https:\/\/eltunelcotillon.com\/minorista\/product\/albumina-70-grs-alto-poder\/#primaryimage"},"thumbnailUrl":"https:\/\/eltunelcotillon.com\/minorista\/wp-content\/uploads\/2026\/02\/24-scaled-1.jpg","datePublished":"2026-02-09T18:04:50+00:00","dateModified":"2026-04-27T14:02:53+00:00","breadcrumb":{"@id":"https:\/\/eltunelcotillon.com\/minorista\/product\/albumina-70-grs-alto-poder\/#breadcrumb"},"inLanguage":"es","potentialAction":[{"@type":"ReadAction","target":["https:\/\/eltunelcotillon.com\/minorista\/product\/albumina-70-grs-alto-poder\/"]}]},{"@type":"ImageObject","inLanguage":"es","@id":"https:\/\/eltunelcotillon.com\/minorista\/product\/albumina-70-grs-alto-poder\/#primaryimage","url":"https:\/\/eltunelcotillon.com\/minorista\/wp-content\/uploads\/2026\/02\/24-scaled-1.jpg","contentUrl":"https:\/\/eltunelcotillon.com\/minorista\/wp-content\/uploads\/2026\/02\/24-scaled-1.jpg","width":2560,"height":2560},{"@type":"BreadcrumbList","@id":"https:\/\/eltunelcotillon.com\/minorista\/product\/albumina-70-grs-alto-poder\/#breadcrumb","itemListElement":[{"@type":"ListItem","position":1,"name":"Inicio","item":"https:\/\/eltunelcotillon.com\/minorista\/"},{"@type":"ListItem","position":2,"name":"Tienda","item":"https:\/\/eltunelcotillon.com\/minorista\/tienda\/"},{"@type":"ListItem","position":3,"name":"Albumina 70 grs alto poder"}]},{"@type":"WebSite","@id":"https:\/\/eltunelcotillon.com\/minorista\/#website","url":"https:\/\/eltunelcotillon.com\/minorista\/","name":"El T\u00fanel Cotill\u00f3n","description":"Cotill\u00f3n, Reposter\u00eda, Espumas de Carnaval, Chocolater\u00eda | Ventas mayoristas y minoristas","publisher":{"@id":"https:\/\/eltunelcotillon.com\/minorista\/#organization"},"potentialAction":[{"@type":"SearchAction","target":{"@type":"EntryPoint","urlTemplate":"https:\/\/eltunelcotillon.com\/minorista\/?s={search_term_string}"},"query-input":{"@type":"PropertyValueSpecification","valueRequired":true,"valueName":"search_term_string"}}],"inLanguage":"es"},{"@type":"Organization","@id":"https:\/\/eltunelcotillon.com\/minorista\/#organization","name":"El T\u00fanel Cotill\u00f3n","url":"https:\/\/eltunelcotillon.com\/minorista\/","logo":{"@type":"ImageObject","inLanguage":"es","@id":"https:\/\/eltunelcotillon.com\/minorista\/#\/schema\/logo\/image\/","url":"https:\/\/eltunelcotillon.com\/minorista\/wp-content\/uploads\/2026\/02\/el_t_nel_cotill_n_logo-1-e1768837235605.webp","contentUrl":"https:\/\/eltunelcotillon.com\/minorista\/wp-content\/uploads\/2026\/02\/el_t_nel_cotill_n_logo-1-e1768837235605.webp","width":593,"height":383,"caption":"El T\u00fanel Cotill\u00f3n"},"image":{"@id":"https:\/\/eltunelcotillon.com\/minorista\/#\/schema\/logo\/image\/"},"sameAs":["https:\/\/www.facebook.com\/cotilloneltunel\/","https:\/\/www.instagram.com\/cotilloneltunel1\/"]}]}},"_links":{"self":[{"href":"https:\/\/eltunelcotillon.com\/minorista\/wp-json\/wp\/v2\/product\/35578","targetHints":{"allow":["GET"]}}],"collection":[{"href":"https:\/\/eltunelcotillon.com\/minorista\/wp-json\/wp\/v2\/product"}],"about":[{"href":"https:\/\/eltunelcotillon.com\/minorista\/wp-json\/wp\/v2\/types\/product"}],"wp:featuredmedia":[{"embeddable":true,"href":"https:\/\/eltunelcotillon.com\/minorista\/wp-json\/wp\/v2\/media\/35630"}],"wp:attachment":[{"href":"https:\/\/eltunelcotillon.com\/minorista\/wp-json\/wp\/v2\/media?parent=35578"}],"wp:term":[{"taxonomy":"product_brand","embeddable":true,"href":"https:\/\/eltunelcotillon.com\/minorista\/wp-json\/wp\/v2\/product_brand?post=35578"},{"taxonomy":"product_cat","embeddable":true,"href":"https:\/\/eltunelcotillon.com\/minorista\/wp-json\/wp\/v2\/product_cat?post=35578"},{"taxonomy":"product_tag","embeddable":true,"href":"https:\/\/eltunelcotillon.com\/minorista\/wp-json\/wp\/v2\/product_tag?post=35578"}],"curies":[{"name":"wp","href":"https:\/\/api.w.org\/{rel}","templated":true}]}}

<!-- This site is optimized with the Yoast SEO plugin v27.0 - https://yoast.com/product/yoast-seo-wordpress/ -->
<title>Albumina 70 grs alto poder - El Túnel Cotillón</title>
<meta name="robots" content="index, follow, max-snippet:-1, max-image-preview:large, max-video-preview:-1" />
<link rel="canonical" href="https://eltunelcotillon.com/minorista/product/albumina-70-grs-alto-poder/" />
<meta property="og:locale" content="es_ES" />
<meta property="og:type" content="article" />
<meta property="og:title" content="Albumina 70 grs alto poder - El Túnel Cotillón" />
<meta property="og:description" content="Clara de huevo en polvo. marca pastelar" />
<meta property="og:url" content="https://eltunelcotillon.com/minorista/product/albumina-70-grs-alto-poder/" />
<meta property="og:site_name" content="El Túnel Cotillón" />
<meta property="article:publisher" content="https://www.facebook.com/cotilloneltunel/" />
<meta property="article:modified_time" content="2026-04-27T14:02:53+00:00" />
<meta property="og:image" content="https://eltunelcotillon.com/minorista/wp-content/uploads/2026/02/24-scaled-1.jpg" />
	<meta property="og:image:width" content="2560" />
	<meta property="og:image:height" content="2560" />
	<meta property="og:image:type" content="image/jpeg" />
<meta name="twitter:card" content="summary_large_image" />
<script type="application/ld+json" class="yoast-schema-graph">{"@context":"https://schema.org","@graph":[{"@type":"WebPage","@id":"https://eltunelcotillon.com/minorista/product/albumina-70-grs-alto-poder/","url":"https://eltunelcotillon.com/minorista/product/albumina-70-grs-alto-poder/","name":"Albumina 70 grs alto poder - El Túnel Cotillón","isPartOf":{"@id":"https://eltunelcotillon.com/minorista/#website"},"primaryImageOfPage":{"@id":"https://eltunelcotillon.com/minorista/product/albumina-70-grs-alto-poder/#primaryimage"},"image":{"@id":"https://eltunelcotillon.com/minorista/product/albumina-70-grs-alto-poder/#primaryimage"},"thumbnailUrl":"https://eltunelcotillon.com/minorista/wp-content/uploads/2026/02/24-scaled-1.jpg","datePublished":"2026-02-09T18:04:50+00:00","dateModified":"2026-04-27T14:02:53+00:00","breadcrumb":{"@id":"https://eltunelcotillon.com/minorista/product/albumina-70-grs-alto-poder/#breadcrumb"},"inLanguage":"es","potentialAction":[{"@type":"ReadAction","target":["https://eltunelcotillon.com/minorista/product/albumina-70-grs-alto-poder/"]}]},{"@type":"ImageObject","inLanguage":"es","@id":"https://eltunelcotillon.com/minorista/product/albumina-70-grs-alto-poder/#primaryimage","url":"https://eltunelcotillon.com/minorista/wp-content/uploads/2026/02/24-scaled-1.jpg","contentUrl":"https://eltunelcotillon.com/minorista/wp-content/uploads/2026/02/24-scaled-1.jpg","width":2560,"height":2560},{"@type":"BreadcrumbList","@id":"https://eltunelcotillon.com/minorista/product/albumina-70-grs-alto-poder/#breadcrumb","itemListElement":[{"@type":"ListItem","position":1,"name":"Inicio","item":"https://eltunelcotillon.com/minorista/"},{"@type":"ListItem","position":2,"name":"Tienda","item":"https://eltunelcotillon.com/minorista/tienda/"},{"@type":"ListItem","position":3,"name":"Albumina 70 grs alto poder"}]},{"@type":"WebSite","@id":"https://eltunelcotillon.com/minorista/#website","url":"https://eltunelcotillon.com/minorista/","name":"El Túnel Cotillón","description":"Cotillón, Repostería, Espumas de Carnaval, Chocolatería | Ventas mayoristas y minoristas","publisher":{"@id":"https://eltunelcotillon.com/minorista/#organization"},"potentialAction":[{"@type":"SearchAction","target":{"@type":"EntryPoint","urlTemplate":"https://eltunelcotillon.com/minorista/?s={search_term_string}"},"query-input":{"@type":"PropertyValueSpecification","valueRequired":true,"valueName":"search_term_string"}}],"inLanguage":"es"},{"@type":"Organization","@id":"https://eltunelcotillon.com/minorista/#organization","name":"El Túnel Cotillón","url":"https://eltunelcotillon.com/minorista/","logo":{"@type":"ImageObject","inLanguage":"es","@id":"https://eltunelcotillon.com/minorista/#/schema/logo/image/","url":"https://eltunelcotillon.com/minorista/wp-content/uploads/2026/02/el_t_nel_cotill_n_logo-1-e1768837235605.webp","contentUrl":"https://eltunelcotillon.com/minorista/wp-content/uploads/2026/02/el_t_nel_cotill_n_logo-1-e1768837235605.webp","width":593,"height":383,"caption":"El Túnel Cotillón"},"image":{"@id":"https://eltunelcotillon.com/minorista/#/schema/logo/image/"},"sameAs":["https://www.facebook.com/cotilloneltunel/","https://www.instagram.com/cotilloneltunel1/"]}]}</script>
<!-- / Yoast SEO plugin. -->

Albumina 70 grs alto poder - El Túnel Cotillón

El Túnel Cotillón

Cotillón, Repostería, Espumas de Carnaval, Chocolatería | Ventas mayoristas y minoristas
