{"id":37703,"date":"2026-02-09T15:40:40","date_gmt":"2026-02-09T18:40:40","guid":{"rendered":"https:\/\/eltunelcotillon.com\/minoristanew\/?post_type=product&#038;p=37703"},"modified":"2026-04-27T11:04:10","modified_gmt":"2026-04-27T14:04:10","slug":"abanico-plastico","status":"publish","type":"product","link":"https:\/\/eltunelcotillon.com\/minorista\/product\/abanico-plastico\/","title":{"rendered":"Abanico plastico"},"content":{"rendered":"<p>Colores surtidos<\/p>\n","protected":false},"excerpt":{"rendered":"<p>Colores surtidos<\/p>\n","protected":false},"featured_media":37748,"template":"","meta":{"_acf_changed":false},"product_brand":[],"product_cat":[483,482],"product_tag":[],"class_list":{"0":"post-37703","1":"product","2":"type-product","3":"status-publish","4":"has-post-thumbnail","6":"product_cat-accesorios","7":"product_cat-cotillon","9":"first","10":"instock","11":"shipping-taxable","12":"purchasable","13":"product-type-simple"},"acf":[],"yoast_head":"<!-- This site is optimized with the Yoast SEO plugin v27.0 - https:\/\/yoast.com\/product\/yoast-seo-wordpress\/ -->\n<title>Abanico plastico - El T\u00fanel Cotill\u00f3n<\/title>\n<meta name=\"robots\" content=\"index, follow, max-snippet:-1, max-image-preview:large, max-video-preview:-1\" \/>\n<link rel=\"canonical\" href=\"https:\/\/eltunelcotillon.com\/minorista\/product\/abanico-plastico\/\" \/>\n<meta property=\"og:locale\" content=\"es_ES\" \/>\n<meta property=\"og:type\" content=\"article\" \/>\n<meta property=\"og:title\" content=\"Abanico plastico - El T\u00fanel Cotill\u00f3n\" \/>\n<meta property=\"og:description\" content=\"Colores surtidos\" \/>\n<meta property=\"og:url\" content=\"https:\/\/eltunelcotillon.com\/minorista\/product\/abanico-plastico\/\" \/>\n<meta property=\"og:site_name\" content=\"El T\u00fanel Cotill\u00f3n\" \/>\n<meta property=\"article:publisher\" content=\"https:\/\/www.facebook.com\/cotilloneltunel\/\" \/>\n<meta property=\"article:modified_time\" content=\"2026-04-27T14:04:10+00:00\" \/>\n<meta property=\"og:image\" content=\"https:\/\/eltunelcotillon.com\/minorista\/wp-content\/uploads\/2026\/02\/610-5bc2aeb5ced67d65f117165594482478-480-0.webp\" \/>\n\t<meta property=\"og:image:width\" content=\"480\" \/>\n\t<meta property=\"og:image:height\" content=\"480\" \/>\n\t<meta property=\"og:image:type\" content=\"image\/webp\" \/>\n<meta name=\"twitter:card\" content=\"summary_large_image\" \/>\n<script type=\"application\/ld+json\" class=\"yoast-schema-graph\">{\"@context\":\"https:\/\/schema.org\",\"@graph\":[{\"@type\":\"WebPage\",\"@id\":\"https:\/\/eltunelcotillon.com\/minorista\/product\/abanico-plastico\/\",\"url\":\"https:\/\/eltunelcotillon.com\/minorista\/product\/abanico-plastico\/\",\"name\":\"Abanico plastico - El T\u00fanel Cotill\u00f3n\",\"isPartOf\":{\"@id\":\"https:\/\/eltunelcotillon.com\/minorista\/#website\"},\"primaryImageOfPage\":{\"@id\":\"https:\/\/eltunelcotillon.com\/minorista\/product\/abanico-plastico\/#primaryimage\"},\"image\":{\"@id\":\"https:\/\/eltunelcotillon.com\/minorista\/product\/abanico-plastico\/#primaryimage\"},\"thumbnailUrl\":\"https:\/\/eltunelcotillon.com\/minorista\/wp-content\/uploads\/2026\/02\/610-5bc2aeb5ced67d65f117165594482478-480-0.webp\",\"datePublished\":\"2026-02-09T18:40:40+00:00\",\"dateModified\":\"2026-04-27T14:04:10+00:00\",\"breadcrumb\":{\"@id\":\"https:\/\/eltunelcotillon.com\/minorista\/product\/abanico-plastico\/#breadcrumb\"},\"inLanguage\":\"es\",\"potentialAction\":[{\"@type\":\"ReadAction\",\"target\":[\"https:\/\/eltunelcotillon.com\/minorista\/product\/abanico-plastico\/\"]}]},{\"@type\":\"ImageObject\",\"inLanguage\":\"es\",\"@id\":\"https:\/\/eltunelcotillon.com\/minorista\/product\/abanico-plastico\/#primaryimage\",\"url\":\"https:\/\/eltunelcotillon.com\/minorista\/wp-content\/uploads\/2026\/02\/610-5bc2aeb5ced67d65f117165594482478-480-0.webp\",\"contentUrl\":\"https:\/\/eltunelcotillon.com\/minorista\/wp-content\/uploads\/2026\/02\/610-5bc2aeb5ced67d65f117165594482478-480-0.webp\",\"width\":480,\"height\":480},{\"@type\":\"BreadcrumbList\",\"@id\":\"https:\/\/eltunelcotillon.com\/minorista\/product\/abanico-plastico\/#breadcrumb\",\"itemListElement\":[{\"@type\":\"ListItem\",\"position\":1,\"name\":\"Inicio\",\"item\":\"https:\/\/eltunelcotillon.com\/minorista\/\"},{\"@type\":\"ListItem\",\"position\":2,\"name\":\"Tienda\",\"item\":\"https:\/\/eltunelcotillon.com\/minorista\/tienda\/\"},{\"@type\":\"ListItem\",\"position\":3,\"name\":\"Abanico plastico\"}]},{\"@type\":\"WebSite\",\"@id\":\"https:\/\/eltunelcotillon.com\/minorista\/#website\",\"url\":\"https:\/\/eltunelcotillon.com\/minorista\/\",\"name\":\"El T\u00fanel Cotill\u00f3n\",\"description\":\"Cotill\u00f3n, Reposter\u00eda, Espumas de Carnaval, Chocolater\u00eda | Ventas mayoristas y minoristas\",\"publisher\":{\"@id\":\"https:\/\/eltunelcotillon.com\/minorista\/#organization\"},\"potentialAction\":[{\"@type\":\"SearchAction\",\"target\":{\"@type\":\"EntryPoint\",\"urlTemplate\":\"https:\/\/eltunelcotillon.com\/minorista\/?s={search_term_string}\"},\"query-input\":{\"@type\":\"PropertyValueSpecification\",\"valueRequired\":true,\"valueName\":\"search_term_string\"}}],\"inLanguage\":\"es\"},{\"@type\":\"Organization\",\"@id\":\"https:\/\/eltunelcotillon.com\/minorista\/#organization\",\"name\":\"El T\u00fanel Cotill\u00f3n\",\"url\":\"https:\/\/eltunelcotillon.com\/minorista\/\",\"logo\":{\"@type\":\"ImageObject\",\"inLanguage\":\"es\",\"@id\":\"https:\/\/eltunelcotillon.com\/minorista\/#\/schema\/logo\/image\/\",\"url\":\"https:\/\/eltunelcotillon.com\/minorista\/wp-content\/uploads\/2026\/02\/el_t_nel_cotill_n_logo-1-e1768837235605.webp\",\"contentUrl\":\"https:\/\/eltunelcotillon.com\/minorista\/wp-content\/uploads\/2026\/02\/el_t_nel_cotill_n_logo-1-e1768837235605.webp\",\"width\":593,\"height\":383,\"caption\":\"El T\u00fanel Cotill\u00f3n\"},\"image\":{\"@id\":\"https:\/\/eltunelcotillon.com\/minorista\/#\/schema\/logo\/image\/\"},\"sameAs\":[\"https:\/\/www.facebook.com\/cotilloneltunel\/\",\"https:\/\/www.instagram.com\/cotilloneltunel1\/\"]}]}<\/script>\n<!-- \/ Yoast SEO plugin. -->","yoast_head_json":{"title":"Abanico plastico - El T\u00fanel Cotill\u00f3n","robots":{"index":"index","follow":"follow","max-snippet":"max-snippet:-1","max-image-preview":"max-image-preview:large","max-video-preview":"max-video-preview:-1"},"canonical":"https:\/\/eltunelcotillon.com\/minorista\/product\/abanico-plastico\/","og_locale":"es_ES","og_type":"article","og_title":"Abanico plastico - El T\u00fanel Cotill\u00f3n","og_description":"Colores surtidos","og_url":"https:\/\/eltunelcotillon.com\/minorista\/product\/abanico-plastico\/","og_site_name":"El T\u00fanel Cotill\u00f3n","article_publisher":"https:\/\/www.facebook.com\/cotilloneltunel\/","article_modified_time":"2026-04-27T14:04:10+00:00","og_image":[{"width":480,"height":480,"url":"https:\/\/eltunelcotillon.com\/minorista\/wp-content\/uploads\/2026\/02\/610-5bc2aeb5ced67d65f117165594482478-480-0.webp","type":"image\/webp"}],"twitter_card":"summary_large_image","schema":{"@context":"https:\/\/schema.org","@graph":[{"@type":"WebPage","@id":"https:\/\/eltunelcotillon.com\/minorista\/product\/abanico-plastico\/","url":"https:\/\/eltunelcotillon.com\/minorista\/product\/abanico-plastico\/","name":"Abanico plastico - El T\u00fanel Cotill\u00f3n","isPartOf":{"@id":"https:\/\/eltunelcotillon.com\/minorista\/#website"},"primaryImageOfPage":{"@id":"https:\/\/eltunelcotillon.com\/minorista\/product\/abanico-plastico\/#primaryimage"},"image":{"@id":"https:\/\/eltunelcotillon.com\/minorista\/product\/abanico-plastico\/#primaryimage"},"thumbnailUrl":"https:\/\/eltunelcotillon.com\/minorista\/wp-content\/uploads\/2026\/02\/610-5bc2aeb5ced67d65f117165594482478-480-0.webp","datePublished":"2026-02-09T18:40:40+00:00","dateModified":"2026-04-27T14:04:10+00:00","breadcrumb":{"@id":"https:\/\/eltunelcotillon.com\/minorista\/product\/abanico-plastico\/#breadcrumb"},"inLanguage":"es","potentialAction":[{"@type":"ReadAction","target":["https:\/\/eltunelcotillon.com\/minorista\/product\/abanico-plastico\/"]}]},{"@type":"ImageObject","inLanguage":"es","@id":"https:\/\/eltunelcotillon.com\/minorista\/product\/abanico-plastico\/#primaryimage","url":"https:\/\/eltunelcotillon.com\/minorista\/wp-content\/uploads\/2026\/02\/610-5bc2aeb5ced67d65f117165594482478-480-0.webp","contentUrl":"https:\/\/eltunelcotillon.com\/minorista\/wp-content\/uploads\/2026\/02\/610-5bc2aeb5ced67d65f117165594482478-480-0.webp","width":480,"height":480},{"@type":"BreadcrumbList","@id":"https:\/\/eltunelcotillon.com\/minorista\/product\/abanico-plastico\/#breadcrumb","itemListElement":[{"@type":"ListItem","position":1,"name":"Inicio","item":"https:\/\/eltunelcotillon.com\/minorista\/"},{"@type":"ListItem","position":2,"name":"Tienda","item":"https:\/\/eltunelcotillon.com\/minorista\/tienda\/"},{"@type":"ListItem","position":3,"name":"Abanico plastico"}]},{"@type":"WebSite","@id":"https:\/\/eltunelcotillon.com\/minorista\/#website","url":"https:\/\/eltunelcotillon.com\/minorista\/","name":"El T\u00fanel Cotill\u00f3n","description":"Cotill\u00f3n, Reposter\u00eda, Espumas de Carnaval, Chocolater\u00eda | Ventas mayoristas y minoristas","publisher":{"@id":"https:\/\/eltunelcotillon.com\/minorista\/#organization"},"potentialAction":[{"@type":"SearchAction","target":{"@type":"EntryPoint","urlTemplate":"https:\/\/eltunelcotillon.com\/minorista\/?s={search_term_string}"},"query-input":{"@type":"PropertyValueSpecification","valueRequired":true,"valueName":"search_term_string"}}],"inLanguage":"es"},{"@type":"Organization","@id":"https:\/\/eltunelcotillon.com\/minorista\/#organization","name":"El T\u00fanel Cotill\u00f3n","url":"https:\/\/eltunelcotillon.com\/minorista\/","logo":{"@type":"ImageObject","inLanguage":"es","@id":"https:\/\/eltunelcotillon.com\/minorista\/#\/schema\/logo\/image\/","url":"https:\/\/eltunelcotillon.com\/minorista\/wp-content\/uploads\/2026\/02\/el_t_nel_cotill_n_logo-1-e1768837235605.webp","contentUrl":"https:\/\/eltunelcotillon.com\/minorista\/wp-content\/uploads\/2026\/02\/el_t_nel_cotill_n_logo-1-e1768837235605.webp","width":593,"height":383,"caption":"El T\u00fanel Cotill\u00f3n"},"image":{"@id":"https:\/\/eltunelcotillon.com\/minorista\/#\/schema\/logo\/image\/"},"sameAs":["https:\/\/www.facebook.com\/cotilloneltunel\/","https:\/\/www.instagram.com\/cotilloneltunel1\/"]}]}},"_links":{"self":[{"href":"https:\/\/eltunelcotillon.com\/minorista\/wp-json\/wp\/v2\/product\/37703","targetHints":{"allow":["GET"]}}],"collection":[{"href":"https:\/\/eltunelcotillon.com\/minorista\/wp-json\/wp\/v2\/product"}],"about":[{"href":"https:\/\/eltunelcotillon.com\/minorista\/wp-json\/wp\/v2\/types\/product"}],"wp:featuredmedia":[{"embeddable":true,"href":"https:\/\/eltunelcotillon.com\/minorista\/wp-json\/wp\/v2\/media\/37748"}],"wp:attachment":[{"href":"https:\/\/eltunelcotillon.com\/minorista\/wp-json\/wp\/v2\/media?parent=37703"}],"wp:term":[{"taxonomy":"product_brand","embeddable":true,"href":"https:\/\/eltunelcotillon.com\/minorista\/wp-json\/wp\/v2\/product_brand?post=37703"},{"taxonomy":"product_cat","embeddable":true,"href":"https:\/\/eltunelcotillon.com\/minorista\/wp-json\/wp\/v2\/product_cat?post=37703"},{"taxonomy":"product_tag","embeddable":true,"href":"https:\/\/eltunelcotillon.com\/minorista\/wp-json\/wp\/v2\/product_tag?post=37703"}],"curies":[{"name":"wp","href":"https:\/\/api.w.org\/{rel}","templated":true}]}}

<!-- This site is optimized with the Yoast SEO plugin v27.0 - https://yoast.com/product/yoast-seo-wordpress/ -->
<title>Abanico plastico - El Túnel Cotillón</title>
<meta name="robots" content="index, follow, max-snippet:-1, max-image-preview:large, max-video-preview:-1" />
<link rel="canonical" href="https://eltunelcotillon.com/minorista/product/abanico-plastico/" />
<meta property="og:locale" content="es_ES" />
<meta property="og:type" content="article" />
<meta property="og:title" content="Abanico plastico - El Túnel Cotillón" />
<meta property="og:description" content="Colores surtidos" />
<meta property="og:url" content="https://eltunelcotillon.com/minorista/product/abanico-plastico/" />
<meta property="og:site_name" content="El Túnel Cotillón" />
<meta property="article:publisher" content="https://www.facebook.com/cotilloneltunel/" />
<meta property="article:modified_time" content="2026-04-27T14:04:10+00:00" />
<meta property="og:image" content="https://eltunelcotillon.com/minorista/wp-content/uploads/2026/02/610-5bc2aeb5ced67d65f117165594482478-480-0.webp" />
	<meta property="og:image:width" content="480" />
	<meta property="og:image:height" content="480" />
	<meta property="og:image:type" content="image/webp" />
<meta name="twitter:card" content="summary_large_image" />
<script type="application/ld+json" class="yoast-schema-graph">{"@context":"https://schema.org","@graph":[{"@type":"WebPage","@id":"https://eltunelcotillon.com/minorista/product/abanico-plastico/","url":"https://eltunelcotillon.com/minorista/product/abanico-plastico/","name":"Abanico plastico - El Túnel Cotillón","isPartOf":{"@id":"https://eltunelcotillon.com/minorista/#website"},"primaryImageOfPage":{"@id":"https://eltunelcotillon.com/minorista/product/abanico-plastico/#primaryimage"},"image":{"@id":"https://eltunelcotillon.com/minorista/product/abanico-plastico/#primaryimage"},"thumbnailUrl":"https://eltunelcotillon.com/minorista/wp-content/uploads/2026/02/610-5bc2aeb5ced67d65f117165594482478-480-0.webp","datePublished":"2026-02-09T18:40:40+00:00","dateModified":"2026-04-27T14:04:10+00:00","breadcrumb":{"@id":"https://eltunelcotillon.com/minorista/product/abanico-plastico/#breadcrumb"},"inLanguage":"es","potentialAction":[{"@type":"ReadAction","target":["https://eltunelcotillon.com/minorista/product/abanico-plastico/"]}]},{"@type":"ImageObject","inLanguage":"es","@id":"https://eltunelcotillon.com/minorista/product/abanico-plastico/#primaryimage","url":"https://eltunelcotillon.com/minorista/wp-content/uploads/2026/02/610-5bc2aeb5ced67d65f117165594482478-480-0.webp","contentUrl":"https://eltunelcotillon.com/minorista/wp-content/uploads/2026/02/610-5bc2aeb5ced67d65f117165594482478-480-0.webp","width":480,"height":480},{"@type":"BreadcrumbList","@id":"https://eltunelcotillon.com/minorista/product/abanico-plastico/#breadcrumb","itemListElement":[{"@type":"ListItem","position":1,"name":"Inicio","item":"https://eltunelcotillon.com/minorista/"},{"@type":"ListItem","position":2,"name":"Tienda","item":"https://eltunelcotillon.com/minorista/tienda/"},{"@type":"ListItem","position":3,"name":"Abanico plastico"}]},{"@type":"WebSite","@id":"https://eltunelcotillon.com/minorista/#website","url":"https://eltunelcotillon.com/minorista/","name":"El Túnel Cotillón","description":"Cotillón, Repostería, Espumas de Carnaval, Chocolatería | Ventas mayoristas y minoristas","publisher":{"@id":"https://eltunelcotillon.com/minorista/#organization"},"potentialAction":[{"@type":"SearchAction","target":{"@type":"EntryPoint","urlTemplate":"https://eltunelcotillon.com/minorista/?s={search_term_string}"},"query-input":{"@type":"PropertyValueSpecification","valueRequired":true,"valueName":"search_term_string"}}],"inLanguage":"es"},{"@type":"Organization","@id":"https://eltunelcotillon.com/minorista/#organization","name":"El Túnel Cotillón","url":"https://eltunelcotillon.com/minorista/","logo":{"@type":"ImageObject","inLanguage":"es","@id":"https://eltunelcotillon.com/minorista/#/schema/logo/image/","url":"https://eltunelcotillon.com/minorista/wp-content/uploads/2026/02/el_t_nel_cotill_n_logo-1-e1768837235605.webp","contentUrl":"https://eltunelcotillon.com/minorista/wp-content/uploads/2026/02/el_t_nel_cotill_n_logo-1-e1768837235605.webp","width":593,"height":383,"caption":"El Túnel Cotillón"},"image":{"@id":"https://eltunelcotillon.com/minorista/#/schema/logo/image/"},"sameAs":["https://www.facebook.com/cotilloneltunel/","https://www.instagram.com/cotilloneltunel1/"]}]}</script>
<!-- / Yoast SEO plugin. -->

Abanico plastico - El Túnel Cotillón

El Túnel Cotillón

Cotillón, Repostería, Espumas de Carnaval, Chocolatería | Ventas mayoristas y minoristas
